late the greatest common factor of 56 and 916.
4
What is the greatest common divisor of 2120 and 1590?
530
What is the highest common divisor of 92764 and 112?
28
What is the greatest common divisor of 3837023 and 335?
67
Calculate the greatest common factor of 7356452 and 284.
284
Calculate the greatest common factor of 754030 and 25.
5
Calculate the greatest common factor of 42687 and 1139.
17
Calculate the greatest common factor of 2940 and 143472.
588
Calculate the greatest common divisor of 552 and 1789860.
276
What is the highest common factor of 67 and 304?
1
What is the greatest common factor of 17380 and 2761?
11
What is the highest common divisor of 13395 and 19665?
285
Calculate the highest common factor of 777 and 2220.
111
Calculate the greatest common divisor of 159 and 123755.
53
Calculate the highest common divisor of 990016 and 7936.
1984
Calculate the greatest common factor of 196 and 64148.
28
What is the greatest common divisor of 26 and 2568397?
13
What is the greatest common factor of 2760758 and 66?
22
What is the greatest common factor of 650 and 728?
26
What is the highest common factor of 480 and 1772600?
40
What is the greatest common factor of 855 and 136?
1
Calculate the greatest common divisor of 2940 and 620.
20
Calculate the highest common divisor of 2038671 and 87.
87
What is the highest common divisor of 16 and 3274?
2
What is the highest common divisor of 393438 and 46?
46
Calculate the greatest common factor of 66 and 114.
6
Calculate the highest common factor of 330368 and 1246.
178
Calculate the highest common factor of 12134 and 8.
2
What is the highest common factor of 540 and 852?
12
What is the greatest common divisor of 10718112 and 582?
582
Calculate the greatest common factor of 699 and 1192727.
233
What is the highest common divisor of 144 and 6936?
24
What is the greatest common factor of 10494 and 482141?
583
Calculate the greatest common divisor of 957304 and 85.
17
What is the highest common factor of 2342 and 57379?
1171
Calculate the greatest common divisor of 117 and 529139.
13
Calculate the greatest common factor of 36052 and 68.
4
What is the highest common divisor of 52859 and 1?
1
Calculate the greatest common factor of 86559 and 33.
33
Calculate the greatest common divisor of 36 and 8381862.
18
What is the highest common divisor of 44631 and 162?
81
Calculate the highest common factor of 410 and 2560.
10
Calculate the highest common factor of 1545 and 150483.
309
What is the highest common divisor of 201 and 829795?
67
Calculate the greatest common factor of 1034 and 21274.
22
What is the highest common divisor of 67125 and 3000?
375
Calculate the highest common divisor of 2568 and 20676.
12
Calculate the highest common factor of 375 and 15875.
125
Calculate the highest common divisor of 1689 and 2202.
3
What is the highest common divisor of 106120 and 168?
56
Calculate the highest common factor of 8725 and 24081.
349
What is the greatest common divisor of 20 and 675635?
5
What is the highest common factor of 55 and 2596?
11
Calculate the highest common factor of 17109 and 27.
9
Calculate the highest common factor of 208069 and 233.
233
Calculate the highest common factor of 196034 and 24.
2
Calculate the greatest common factor of 18256 and 13552.
112
What is the greatest common divisor of 65 and 2821?
13
Calculate the greatest common divisor of 57722 and 190.
38
What is the highest common divisor of 165 and 2382545?
55
What is the greatest common factor of 1706692 and 8372?
1196
What is the greatest common factor of 147 and 169?
1
What is the highest common factor of 3516 and 1632?
12
What is the greatest common divisor of 863862 and 6?
6
Calculate the highest common factor of 6 and 378951.
3
Calculate the highest common factor of 5078557 and 11.
11
What is the highest common divisor of 5584 and 7678?
698
What is the highest common divisor of 66022 and 22?
22
Calculate the greatest common factor of 12 and 15053496.
12
Calculate the highest common divisor of 544 and 5840.
16
Calculate the greatest common divisor of 26389 and 143.
11
Calculate the greatest common factor of 22 and 5690.
2
Calculate the greatest common divisor of 33 and 24904.
11
Calculate the highest common factor of 550384 and 451.
41
Calculate the highest common divisor of 19905 and 20.
5
Calculate the greatest common divisor of 249720 and 80.
40
What is the greatest common factor of 4116 and 216384?
588
What is the greatest common factor of 60 and 286470?
30
Calculate the highest common factor of 2175355 and 980.
245
What is the greatest common factor of 6 and 15027?
3
Calculate the greatest common divisor of 6 and 6537.
3
What is the greatest common divisor of 97780 and 10?
10
Calculate the greatest common divisor of 1846 and 234.
26
Calculate the highest common factor of 80 and 151952.
16
Calculate the greatest common divisor of 15 and 165585.
15
Calculate the highest common factor of 2805 and 19305.
165
Calculate the highest common factor of 40248 and 54.
18
What is the highest common factor of 732 and 744?
12
What is the highest common divisor of 9820 and 5320?
20
Calculate the highest common divisor of 147 and 36407.
49
Calculate the greatest common factor of 20725 and 13264.
829
What is the highest common divisor of 291985 and 1380?
115
What is the highest common divisor of 1550 and 2417225?
775
Calculate the highest common factor of 161 and 894033.
161
Calculate the highest common factor of 143847 and 99.
99
What is the highest common factor of 680 and 53992?
136
Calculate the greatest common factor of 38687 and 759.
11
What is the greatest common divisor of 46480 and 24070?
830
Calculate the greatest common divisor of 127151 and 43.
43
Calculate the highest common divisor of 111 and 126429.
111
What is the highest common divisor of 1055566 and 278?
278
Calculate the highest common factor of 765 and 945855.
45
Calculate the greatest common factor of 356 and 49573.
89
What is the greatest common divisor of 123 and 201269?
41
What is the highest common factor of 1211010 and 9990?
1110
What is the greatest common factor of 1925255 and 310?
155
What is the highest common factor of 122 and 49898?
122
Calculate the highest common divisor of 257649 and 21.
21
What is the greatest common factor of 13016 and 4040?
8
What is the greatest common factor of 38 and 948328?
38
Calculate the highest common factor of 2516 and 282421.
629
What is the highest common divisor of 620 and 4890?
10
What is the highest common divisor of 8680 and 5952?
248
What is the highest common factor of 33 and 3133317?
33
What is the highest common divisor of 6769 and 105?
7
Calculate the greatest common divisor of 275 and 583.
11
What is the greatest common factor of 2873 and 248846?
221
Calculate the highest common factor of 593 and 2000189.
593
Calculate the greatest common factor of 156 and 2700932.
52
What is the highest common factor of 106880 and 5845?
835
What is the highest common factor of 6 and 42876?
6
What is the greatest common factor of 444 and 37592?
148
Calculate the highest common divisor of 46 and 759667.
23
Calculate the highest common factor of 128611 and 59954.
967
Calculate the greatest common factor of 7625 and 549.
61
Calculate the greatest common divisor of 240 and 102192.
48
What is the greatest common factor of 2641 and 4864?
19
What is the highest common divisor of 203 and 49909?
29
Calculate the highest common factor of 88100 and 25.
25
What is the greatest common divisor of 8773 and 31979?
283
Calculate the highest common factor of 106956 and 54.
18
What is the highest common divisor of 1 and 8219?
1
What is the greatest common divisor of 273 and 3801?
21
Calculate the highest common divisor of 4000 and 74352.
16
What is the highest common divisor of 5888 and 14904?
184
Calculate the greatest common factor of 122 and 4737870.
122
What is the highest common divisor of 5699702 and 74?
74
Calculate the highest common factor of 3435 and 2055.
15
What is the highest common factor of 81079 and 445?
89
What is the highest common divisor of 792 and 17016?
24
Calculate the greatest common divisor of 7458 and 6.
6
Calculate the highest common divisor of 60 and 10610.
10
What is the greatest common factor of 19 and 8531?
19